 4*s = -6*p + p + 367. Let u = r + s. Calculate the remainder when u is divided by 13.
12
Let y = -11 - -20. Suppose -2*m + 1 = -y. What is the remainder when 7 is divided by m?
2
Let y = -43 - -64. Calculate the remainder when 59 is divided by y.
17
Let q(f) = -f**3 + 6*f**2 + 8*f + 1. Let a be 1/1*(0 + 3). Suppose 0 = a*z, -7*u + 66 = -4*u + z. Calculate the remainder when u is divided by q(7).
6
Let x(t) = t + 11. Suppose m + 2*o = 5*m - 10, -3*m - 4*o - 20 = 0. Let q(w) = 9*w**2 + 3*w + 1. What is the remainder when q(-2) is divided by x(m)?
9
Let f = 4 + -2. Calculate the remainder when (-5 - -3) + 14 + 2 is divided by (f/2 + -5)*-2.
6
Suppose 4*a + 8 + 3 = 3*i, 0 = -a + 1. Suppose 3*z = -i + 77. Let o(g) = 13*g - 19. Calculate the remainder when o(5) is divided by z.
22
Let g = -128 - -182. Suppose -a = -2*l + 3*a + g, 5*a = 5*l - 110. Suppose -2*p + 0*p + 12 = 0. What is the remainder when l is divided by p?
5
Let r(g) = -3*g - 2. Let k be 9/6*(-8)/6. Let j be r(k). Suppose 0 = j*y - 116 - 32. What is the remainder when y is divided by 13?
11
Let g = -5 - -40. Calculate the remainder when g is divided by 19.
16
Calculate the remainder when 25 is divided by -1*5/(15/(-12)).
1
Suppose -2*v = -15 - 5. Let y = -9 + 12. Calculate the remainder when v is divided by y.
1
Suppose -2*p = -p - 22. Calculate the remainder when p is divided by 12.
10
Let d = 84 - 58. Calculate the remainder when 7845/105 - 2/(-7) is divided by d.
23
Let w(z) = -z**2 - 6*z + 5. Suppose -4*c + 59 + 9 = 0. What is the remainder when c is divided by w(-6)?
2
Let p(s) = 2*s + 41. What is the remainder when p(-19) is divided by 1?
0
Let z = -21 - -36. Suppose 5*q = -25, q = 3*c + 2*q - 124. What is the remainder when c is divided by z?
13
Let j(c) = -18*c + 10. Let q(p) = -6*p + 3. Let v(b) = 2*j(b) - 7*q(b). Calculate the remainder when 57 is divided by v(5).
28
Let b = -11 + 16. Let w = -8 + 16. Let d(r) = -r + 16. Calculate the remainder when d(w) is divided by b.
3
Let f(l) = 9*l**2 - l - 2. Suppose -3*n - 10 = -8*n. Let u = n + 9. What is the remainder when f(2) is divided by u?
10
Calculate the remainder when -3*((-4)/2)/(16/184) is divided by 26.
17
Suppose -7*x + 2*x + 80 = 0. Suppose -r + k - 1 = 1, 4*r + k + 8 = 0. What is the remainder when 45 - (-3)/((-3)/r) is divided by x?
15
Let q = 6 + 7. Suppose j = 3*w, -3*w + 34 = 5*j - w. What is the remainder when q is divided by (j/4)/(18/84)?
6
Suppose -5*u = -4*u - 18. Calculate the remainder when 68 is divided by u.
14
Let g(p) = p**3 - 2*p**2 - 2*p - 3. Let h be (-32)/(-12)*3/2. Calculate the remainder when g(h) is divided by ((-11)/(-2))/(3/6).
10
Suppose -29*u = -25*u - 88. What is the remainder when u is divided by 14?
8
What is the remainder when 28 is divided by 1/(-5) + (-279)/(-45)?
4
Let t(l) = 29*l**3 - l**2 + 5*l - 4. Let p = -6 - -14. Calculate the remainder when t(1) is divided by p.
5
Let s = -8 - -12. Suppose 0 = -l + 1 + s. What is the remainder when 19 is divided by l?
4
Let g(h) = 13*h + 1. Let b be g(6). Suppose -59 - b = -3*a. Calculate the remainder when a is divided by 16.
14
Suppose 32 = 2*b + 2*s, b + 3*b = -3*s + 66. Calculate the remainder when 35 is divided by b.
17
Suppose 3*d = 2*b + 131, 5*d + 7*b = 3*b + 255. What is the remainder when d is divided by 13?
8
Let y(g) = -3*g. Calculate the remainder when y(-3) is divided by 5/((10/(-5))/(-2)).
4
Calculate the remainder when 28 is divided by (-4)/14 + (-870)/(-105).
4
Let o(c) = c**3 - 2*c**2 + c - 4. What is the remainder when o(3) is divided by 3?
2
Suppose b + 25 = 5*o - 138, 0 = -3*o + 2*b + 102. What is the remainder when 111 is divided by o?
15
Let i(k) = -17*k - 6. What is the remainder when i(-7) is divided by 39?
35
Suppose -4*j + 4*a - 42 = -154, 5*j - 122 = -a. Suppose -39 = -4*g + j. What is the remainder when 30 is divided by g?
14
Suppose 5*a - 15 = 0, 5*t + 4*a - 45 = -a. What is the remainder when 14 is divided by t?
2
Let s(x) = -x**2 - 2*x - 3. Let k be s(-2). Let h(r) = -2*r + 2. Calculate the remainder when h(k) is divided by 5.
3
Suppose -4 = -3*p + 5*j, 4*j = -p + 6*p - 11. Suppose -3*i + 2 = -10. Let u(m) = 3*m - 5. Calculate the remainder when u(i) is divided by p.
1
Let r = 31 - 29. Calculate the remainder when 5 is divided by r.
1
Suppose 3*r - 14 = r. Let p be ((-79)/(-2))/((-12)/(-24)). Suppose 4*k - a = p, -a - 56 = -3*k + 3. Calculate the remainder when k is divided by r.
6
Suppose 5*q - 14 = 1. Suppose -4*y + 115 = -m + 21, -75 = -q*y + 3*m. Let l = 192 - 125. Calculate the remainder when l is divided by y.
21
Let n(g) = -g + 50. Suppose -3*r + 4*u + 9 = 0, -4*r + 0*r = 3*u + 13. Calculate the remainder when n(0) is divided by 17*(-1 - r*2).
16
Let r = 85 + -58. Suppose 2*u - 111 = q, u + q = -q + 43. What is the remainder when u is divided by r?
26
Let j = -31 - -47. Let i(x) be the third derivative of x**5/20 - x**3/3 - 6*x**2. What is the remainder when i(4) is divided by j?
14
What is the remainder when 10 is divided by (-10)/(-4) + 3/6?
1
Suppose 6*v - 115 = -25. What is the remainder when 42 is divided by v?
12
Let k(t) = 4*t**2 - 3*t + 2. Let p(b) = -4*b**2 + 4*b - 3. Let w(i) = 6*k(i) + 5*p(i). What is the remainder when w(-3) is divided by 15?
12
Let s(f) = 2*f + 1. Let q be s(1). Let y = 8 + q. Calculate the remainder when 31 is divided by y.
9
Let g(q) = q**3 - 6*q**2 + q + 8. Calculate the remainder when 26 is divided by g(6).
12
Suppose -6 = -6*x + 5*x + 5*b, -b = -4*x + 81. Calculate the remainder when x is divided by 6.
3
Let q(p) = -3*p - 17. Calculate the remainder when q(-12) is divided by 10.
9
Let g = -16 + 26. What is the remainder when 19 is divided by g?
9
Suppose 4*n - 17 = -1. Suppose 6*l + 8 = 5*l - 2*q, -3*l = 2*q + 8. Suppose l = -4*i + 2 + 6. Calculate the remainder when n is divided by i.
0
Let d(c) = -c**2 - 4*c - 2. Let j be d(-4). Let b = -6 - -16. Let l = j + b. What is the remainder when 23 is divided by l?
7
Suppose 4*z - 80 = 4*p, -2*p + 98 = z + 3*z. Calculate the remainder when 89 is divided by z.
20
Let l = 179 - 109. Calculate the remainder when l is divided by 24.
22
Let h(w) = 2*w + 87. Calculate the remainder when 53 is divided by h(-29).
24
Let b(d) = d**2 - 5*d - 7. Calculate the remainder when b(-3) is divided by 5.
2
Let u = -5 - -8. Let s be (-3)/u + (-12 - 1). Calculate the remainder when 11 is divided by ((-12)/s)/(3/21).
5
Suppose 8 = 22*w - 18*w. What is the remainder when 7 is divided by w?
1
Let l = 2 + -2. Suppose 5*k = -4*n + 19, -5*n + 0*k - k + 29 = l. Calculate the remainder when 10 is divided by n.
4
Suppose o = 3*m + 40 + 43, -2*m - 235 = -3*o. Calculate the remainder when o is divided by 28.
21
Suppose -48 = -q - q. Let v = 163 - 92. What is the remainder when v is divided by q?
23
Let o(t) = -t**3 + 2*t**2 - 5*t - 2. Let s be o(4). Let f = s - -76. Calculate the remainder when f is divided by 12.
10
Suppose 5*b - 135 = 5*a, 5*b + 6*a - 90 = 2*a. Calculate the remainder when b is divided by 6.
4
Let o = -1 - -10. Suppose -2*q + 42 - 12 = -2*n, 2*q + 5*n - 44 = 0. What is the remainder when q is divided by o?
8
Let m(z) = -z**2 - 19*z - 2. Let t(j) = -7*j**3 - 4*j**2 - 2*j + 1. Calculate the remainder when t(-2) is divided by m(-18).
13
Let i be 0*(3/(-2) - -2). Suppose 5*c + 48 - 143 = i. Calculate the remainder when c is divided by 10.
9
Suppose -r = -2*l - 7, -r - r = -5*l - 11. Calculate the remainder when (8 - 4)*75/12 is divided by r.
12
Let g be 24/14 - (-2)/7. Suppose m - 2 = 0, -5*m = -l + g - 17. What is the remainder when 14 is divided by ((-4)/l)/((-2)/(-20))?
6
Let c(n) = n - 13. Let s(a) = -6*a + 66. Let m(y) = -11*c(y) - 2*s(y). Let h be m(-8). Suppose 277 = h*g + 73. Calculate the remainder when g is divided by 23.
22
Let a = -31 + 33. What is the remainder when 7 is divided by a?
1
Suppose 0 = -54*t + 57*t - 57. What is the remainder when 149 is divided by t?
16
Let y = 61 - 35. What is the remainder when y is divided by 16?
10
Let c = -21 - -16. Let t(x) = 2*x**2 + 5*x - 2. What is the remainder when 43 is divided by t(c)?
20
Let i(g) = g**3 - 4*g**2 + 3*g + 5. What is the remainder when 66 is divided by i(4)?
15
Calculate the remainder when 30 is divided by 0 + (0 + 2)*(8 + -4).
6
Suppose 0 = 2*h - 7*h. Let s = 5 - h. Su